 61.
61
Let r be (-1)/4*38*(-4 + 0). Calculate the greatest common divisor of 2 and r.
2
Suppose -3*i - 5*r + 62 = 0, -2*i - 4*r = -17 - 23. Let b = -25 - -49. What is the highest common factor of b and i?
24
Let v(s) = s**2 - 3*s + 6. Let c be v(-3). What is the highest common divisor of 138 and c?
6
Let b(u) = -u**3 + 6*u**2 - 6*u + 1. Let n be b(4). Suppose -2*m - 3*m + t = -24, -5*t = -5. Let f = m - -4. What is the greatest common factor of f and n?
9
Suppose 82 = 2*a + 2. Let k = -12 - -8. Let u be (-30)/4*k/3. What is the greatest common divisor of u and a?
10
Let h(d) = d**3 - 5*d**2 + 11*d - 3. Let c be h(9). What is the greatest common divisor of 14 and c?
14
Let r = -2940 + 3825. Calculate the greatest common factor of r and 59.
59
Let s be ((-2)/(-6)*-3)/((-2)/380). Calculate the highest common divisor of 10 and s.
10
Suppose -2*p = b - 71, -148 = b - 3*b + 2*p. Suppose -5*i + b = 23. Calculate the greatest common factor of i and 2.
2
Let f(z) = -2*z**3 - 17*z**2 - 11*z - 4. Let q be f(-8). Suppose -5*u + 90 + 210 = 0. Calculate the greatest common divisor of u and q.
20
Let c(q) = -8*q - 154. Let i be c(-20). What is the greatest common factor of i and 312?
6
Let x be (-2 + -16)/(-4*(-7)/(-14)). Let t(s) = -s**3 + 12*s**2 - 11*s + 21. Let i be t(x). What is the highest common divisor of i and 33?
33
Suppose -140 = 13*x - 20*x. Let q be 1/(-2)*-4 + 42. Suppose q = 4*t + a, 3*t - 3*a - 8 = 10. Calculate the greatest common factor of x and t.
10
Let h be (-6)/9 + 56/3. Let n(t) = 5*t**2 + 24*t - 104. Let d be n(4). What is the highest common divisor of d and h?
18
Let i(j) = -j**3 - 2. Suppose 3*p - 7*n = -2*n + 4, 12 = -5*p - n. Let z be i(p). Let g = 74 - 44. What is the highest common factor of g and z?
6
Let u = 3 + 1. Suppose 146 = -3*o - u*w, 3*o - 2*o + 4*w + 38 = 0. Let m = -34 - o. What is the highest common factor of 180 and m?
20
Let v be 2/(-8) - 250/(-8). Let u(i) = i**2 - i. Let j be u(1). Suppose -s + 5*a + 38 = 0, 2*s + j*a = a + v. Calculate the greatest common divisor of s and 13.
13
Let q(z) = 73*z + 29. Let j be q(3). What is the highest common divisor of 31 and j?
31
Let w = -88 - -91. What is the greatest common factor of 114 and w?
3
Let t = 62 + -2. Let h = 40 - 42. Let x be 0 - h/(-2) - -25. What is the highest common factor of t and x?
12
Suppose -5*a = -3*a + 10, 3*l = -a + 4. Let j be (2 - 24/(-4)) + -2. Suppose -q - j = -15. Calculate the greatest common divisor of q and l.
3
Let c(k) = 50*k - 35. Let w be c(7). What is the greatest common divisor of w and 45?
45
Let u be (-10)/(-6) - (-2530)/66. Calculate the greatest common factor of u and 280.
40
Let f(z) = z**2 + 8*z - 7. Let t be f(-7). Let s be 85824/t + (-4)/(-14). Let k be (-4)/18 - s/45. Calculate the greatest common factor of k and 17.
17
Suppose 0 = -3*d - 3*p + 117, -2*d - 67*p = -66*p - 75. What is the highest common factor of d and 12?
12
Suppose -70 = 4*r - 5*s, -4*r + 2*r = s + 42. Let n be (r/5 - -4) + 16. Calculate the highest common divisor of n and 16.
16
Suppose a = 0, 2*l - 3*a = -0*a - 14. Let n(y) = y**2 - 23. Let g be n(l). Calculate the highest common divisor of g and 65.
13
Let l(f) = 31*f**2 + 9*f + 8. Let c be l(-6). Suppose t - c = -4*t. Let a = -115 + t. What is the greatest common divisor of 9 and a?
9
Let c(t) = t**3 - 11*t**2 + 10*t + 6. Let i(y) = -8*y + 2. Let l be i(-1). Let g be c(l). Calculate the highest common factor of 18 and g.
6
Suppose 0 = -3*u + 3*l + 375, -6*l = -l. Calculate the highest common divisor of 2 and u.
1
Let v = -156 + 53. Suppose 0 = 4*z + 288 + 508. Let x = v - z. What is the highest common factor of 12 and x?
12
Let c(z) = 44*z + 44. Let k be c(1). What is the highest common factor of 187 and k?
11
Let n(t) = t**3 - 8*t**2 + 8*t - 6. Let q be n(7). Let w(c) = 2*c**2 - 6 + c + 3*c - q + 0. Let y be w(-7). Calculate the highest common divisor of y and 9.
9
Suppose 10*r - 156 + 36 = 0. What is the highest common divisor of r and 1164?
12
Suppose 0 = c + t - 16, 16 = 3*c - 3*t - 20. Suppose p + 26 = -n, -5*n - 2*p - 130 = -3*p. Let y = 124 + n. Calculate the highest common factor of y and c.
14
Let f(n) = -5*n + 4. Let a(k) = -k**3 + k + 1. Let p be a(0). Let g be p/(1 + 33/(-30)). Let h be f(g). What is the greatest common divisor of h and 18?
18
Let o be 24/(-1 + 4) - -4. Let r = o + 9. What is the greatest common divisor of 14 and r?
7
Let s = 0 - 0. Let x(f) = -f**3 - 10*f**2 - 9*f - 13. Let i be x(-9). Let a = s - i. Calculate the highest common divisor of 91 and a.
13
Let o(p) = p - 1. Let w(c) = c**2 + 3*c + 17. Let h(r) = 5*o(r) + w(r). Let g be h(-8). Calculate the highest common divisor of g and 108.
12
Let k = 26 - 42. Let n = 22 + k. Let l be (-210)/(-8) - n/(-8). What is the greatest common divisor of 9 and l?
9
Let a(o) = -o**2 - 7*o + 12. Let r be a(-3). Suppose -3*w = 3*v - 153, -2*v + 0*w - 3*w = -105. Calculate the greatest common divisor of v and r.
24
Suppose -y + p = -12, 11 = 5*y + 4*p - 4. Let f(n) = 3*n**2 - 41*n + 139. Let c be f(6). What is the greatest common factor of y and c?
1
Suppose -3*j = 45 - 270. Suppose 2*g - 182 = -g + 2*v, 0 = -4*g - 2*v + 238. Suppose 3*c = 7*c - g. What is the greatest common factor of j and c?
15
Suppose -23*k - 25 = -28*k. Let t(l) = -l**2 + 10*l - 7. Let j be t(6). Let w = 18 - j. Calculate the greatest common divisor of w and k.
1
Suppose -3*d + 10 = -2. Suppose -3*n = -4*o + 51, -5*o + o - 2*n + 66 = 0. Suppose o*t - 196 = 8*t. Calculate the highest common divisor of d and t.
4
Let b = -3 + 37. Suppose 6 = 4*k + 3*m, 3*m - 3 = 3*k - 18. Suppose 0 = -k*n, 3*x - 1485 = -5*n - 567. Calculate the greatest common factor of x and b.
34
Let v(o) be the third derivative of o**5/60 + 5*o**4/24 + 5*o**3/2 + 17*o**2. Let x be v(0). Calculate the greatest common divisor of 15 and x.
15
Let x = -476 + 564. Calculate the greatest common factor of x and 836.
44
Let k(g) = -2*g - 4. Let p be k(-2). Suppose 8 = 4*d - p. What is the greatest common divisor of d and 2?
2
Suppose -5*o = -2*z - 0*o + 19, 0 = z + 5*o - 32. Let d = 25 - z. Calculate the greatest common factor of d and 20.
4
Let q = -458 + 934. Calculate the highest common factor of 136 and q.
68
Let b = 576 - 485. What is the greatest common factor of 70 and b?
7
Let f(n) = n**3 + 20*n**2 + 9*n + 6. Let v be f(-19). Suppose -2*t + 67 = -3*j - 139, 2*t + 2*j = v. Calculate the highest common factor of 25 and t.
25
Suppose 0 = 2*w + 15 - 29. Let g(t) = 6*t + 6. Let n(c) = c + 1. Let b be n(5). Let y be g(b). Calculate the greatest common factor of w and y.
7
Suppose 0 = 3*k - 5*w + 22, -2*k - w + 5 = -2. Let y = k + 3. Let q be 2*38/y - 1. What is the highest common factor of q and 45?
9
Let u = -26 + 47. What is the highest common factor of u and 336?
21
Let h(r) = 47*r - 40. Let y(o) = 16*o - 14. Let a(l) = 3*h(l) - 8*y(l). Let d be a(6). Calculate the highest common divisor of 175 and d.
35
Suppose 5220 = 4*u + 25*u. What is the highest common divisor of 80 and u?
20
Let h = 303 + -297. Calculate the highest common factor of 174 and h.
6
Let c(t) = 5*t - 3. Let g be c(3). Suppose 5*v + 101 = -294. Let x = 175 + v. What is the highest common divisor of g and x?
12
Suppose 3*n = 4*n + 5*b - 100, 4*b = -3*n + 300. What is the greatest common divisor of 80 and n?
20
Let l(d) = 2*d**2 + d + 24. Let w be l(0). Suppose -6*p + 360 = -p. Calculate the highest common divisor of w and p.
24
Let s = -490 - -688. Let c be 136/6 - (-9)/(27/(-2)). Calculate the highest common factor of s and c.
22
Let z be -1*(-26 + 4 + -8). Let y(p) = -p**3 + 5*p**2 + 9*p - 1. Let n be y(6). Let o = n + -2. What is the greatest common divisor of z and o?
15
Let n = -118 + 182. Calculate the greatest common factor of 1248 and n.
32
Suppose -20 = 5*o, 0*m - 3*m + 13 = 2*o. Let d(b) = -21*b. Let x be d(-3). Calculate the highest common factor of x and m.
7
Let b = -64 - -70. Let c be 29/(-174) - (-649)/b. Calculate the greatest common divisor of c and 27.
27
Suppose -2 - 88 = -5*h. Let a = 326 - 323. Suppose 3*u = f + h, 3*f - 4 = a*u - 28. What is the highest common divisor of u and 5?
5
Let j = 39 - 34. Let u be (5 - j) + (126 - 0). What is the greatest common divisor of u and 21?
21
Let n(q) = 3 + 2*q**2 + 0 + 0 + q +